he units digit of 3001?
1
What is the tens digit of 1716?
1
What is the thousands digit of 9714?
9
What is the tens digit of 5962?
6
What is the hundreds digit of 100163?
1
What is the hundreds digit of 13177?
1
What is the tens digit of 453?
5
What is the hundreds digit of 63550?
5
What is the tens digit of 28421?
2
What is the thousands digit of 1837?
1
What is the hundreds digit of 195?
1
What is the hundreds digit of 98831?
8
What is the tens digit of 50152?
5
What is the ten thousands digit of 17982?
1
What is the tens digit of 8504?
0
What is the hundreds digit of 78286?
2
What is the units digit of 680?
0
What is the tens digit of 1410?
1
What is the units digit of 5938?
8
What is the units digit of 2409?
9
What is the tens digit of 4515?
1
What is the units digit of 902?
2
What is the thousands digit of 46614?
6
What is the hundreds digit of 1572?
5
What is the tens digit of 1882?
8
What is the units digit of 1305?
5
What is the units digit of 1649?
9
What is the hundreds digit of 2941?
9
What is the tens digit of 3233?
3
What is the ten thousands digit of 10629?
1
What is the thousands digit of 7443?
7
What is the units digit of 5809?
9
What is the hundreds digit of 842?
8
What is the thousands digit of 2013?
2
What is the ten thousands digit of 10311?
1
What is the thousands digit of 2259?
2
What is the tens digit of 26142?
4
What is the units digit of 3973?
3
What is the units digit of 436?
6
What is the hundreds digit of 14384?
3
What is the thousands digit of 1692?
1
What is the ten thousands digit of 17631?
1
What is the units digit of 18065?
5
What is the thousands digit of 2287?
2
What is the thousands digit of 1940?
1
What is the ten thousands digit of 11868?
1
What is the units digit of 561?
1
What is the hundreds digit of 6589?
5
What is the thousands digit of 44202?
4
What is the hundreds digit of 401?
4
What is the tens digit of 6299?
9
What is the hundreds digit of 2221?
2
What is the hundreds digit of 50092?
0
What is the ten thousands digit of 32587?
3
What is the thousands digit of 2712?
2
What is the thousands digit of 40540?
0
What is the units digit of 793?
3
What is the hundreds digit of 40689?
6
What is the tens digit of 38948?
4
What is the units digit of 543?
3
What is the thousands digit of 13025?
3
What is the tens digit of 14871?
7
What is the tens digit of 19013?
1
What is the thousands digit of 7792?
7
What is the hundred thousands digit of 107118?
1
What is the hundreds digit of 46215?
2
What is the thousands digit of 1735?
1
What is the units digit of 2230?
0
What is the ten thousands digit of 55620?
5
What is the ten thousands digit of 191365?
9
What is the hundreds digit of 102563?
5
What is the units digit of 208?
8
What is the hundreds digit of 2699?
6
What is the tens digit of 47396?
9
What is the hundreds digit of 3690?
6
What is the tens digit of 664?
6
What is the tens digit of 248?
4
What is the tens digit of 97?
9
What is the tens digit of 8720?
2
What is the thousands digit of 1239?
1
What is the tens digit of 750?
5
What is the thousands digit of 72909?
2
What is the thousands digit of 16786?
6
What is the hundreds digit of 2326?
3
What is the units digit of 892?
2
What is the units digit of 1436?
6
What is the thousands digit of 4102?
4
What is the tens digit of 8759?
5
What is the units digit of 613?
3
What is the thousands digit of 23600?
3
What is the thousands digit of 29823?
9
What is the units digit of 58718?
8
What is the units digit of 1286?
6
What is the ten thousands digit of 17424?
1
What is the units digit of 7331?
1
What is the thousands digit of 5948?
5
What is the tens digit of 1405?
0
What is the units digit of 1328?
8
What is the units digit of 7309?
9
What is the hundreds digit of 86077?
0
What is the thousands digit of 1141?
1
What is the units digit of 1033?
3
What is the tens digit of 1027?
2
What is the hundreds digit of 1012?
0
What is the units digit of 4643?
3
What is the units digit of 24696?
6
What is the thousands digit of 1089?
1
What is the units digit of 12658?
8
What is the hundreds digit of 1259?
2
What is the thousands digit of 1439?
1
What is the hundreds digit of 1366?
3
What is the ten thousands digit of 13669?
1
What is the hundreds digit of 19615?
6
What is the tens digit of 3902?
0
What is the hundreds digit of 1519?
5
What is the hundreds digit of 974?
9
What is the hundreds digit of 1958?
9
What is the hundreds digit of 6971?
9
What is the thousands digit of 5206?
5
What is the ten thousands digit of 38722?
3
What is the tens digit of 60423?
2
What is the thousands digit of 7283?
7
What is the ten thousands digit of 37263?
3
What is the units digit of 69766?
6
What is the units digit of 38851?
1
What is the tens digit of 676?
7
What is the units digit of 14127?
7
What is the thousands digit of 110908?
0
What is the hundreds digit of 24852?
8
What is the tens digit of 3895?
9
What is the tens digit of 1169?
6
What is the tens digit of 111310?
1
What is the thousands digit of 35767?
5
What is the units digit of 346?
6
What is the hundreds digit of 6946?
9
What is the tens digit of 3872?
7
What is the tens digit of 16980?
8
What is the units digit of 2684?
4
What is the tens digit of 5885?
8
What is the hundreds digit of 83535?
5
What is the tens digit of 2784?
8
What is the units digit of 9318?
8
What is the tens digit of 9833?
3
What is the tens digit of 180?
8
What is the tens digit of 69478?
7
What is the ten thousands digit of 186638?
8
What is the units digit of 41922?
2
What is the ten thousands digit of 82632?
8
What is the hundreds digit of 18561?
5
What is the hundreds digit of 20601?
6
What is the tens digit of 2225?
2
What is the tens digit of 8338?
3
What is the hundreds digit of 2784?
7
What is the hundreds digit of 563?
5
What is the thousands digit of 6330?
6
What is the tens digit of 910?
1
What is the tens digit of 1004?
0
What is the ten thousands digit of 35383?
3
What is the hundreds digit of 767?
7
What is the thousands digit of 35507?
5
What is the tens digit of 1813?
1
What is the thousands digit of 1444?
1
What is the ten thousands digit of 15440?
1
What is the tens digit of 27?
2
What is the hundreds digit of 1569?
5
What is the thousands digit of 1921?
1
What is the units digit of 227?
7
What is the units digit of 558?
8
What is the units digit of 59965?
5
What is the tens digit of 141?
4
What is the thousands digit of 1132?
1
What is the ten thousands digit of 14376?
1
What is the hundreds digit of 1200?
2
What is the hundreds digit of 3147?
1
What is the hundreds digit of 6191?
1
What is the hundreds digit of 1700?
7
What is the thousands digit of 28834?
8
What is the hundreds digit of 5265?
2
What is the hundreds digit of 5099?
0
What is the thousands digit of 16218?
6
What is the tens digit of 191?
9
What is the tens digit of 3470?
7
What is the ten thousands digit of 17178?
1
What is the hundreds digit of 64078?
0
What is the hundreds digit of 3446?
4
What is the tens digit of 5701?
0
What is the tens digit of 5521?
2
What is the hundreds digit of 4690?
6
What is the ten thousands digit of 77730?
7
What is the ten thousands digit of 26137?
2
What is the units digit of 123540?
0
What is the thousands digit of 16451?
6
What is the units digit of 5885?
5
What is the thousands digit of 10754?
0
What is the units digit of 2881?
1
What is the hundreds digit of 1069?
0
What is the hundreds digit of 668?
6
What is the tens digit of 6200?
0
What is the hundreds digit of 17906?
9
What is the units digit of 15157?
7
What is the thousands digit of 40522?
0
What is the thousands digit of 113236?
3
What is the hundreds digit of 5325?
3
What is the hundreds digit of 22602?
6
What is the hundreds digit of 466?
4
What is the tens digit of 505?
0
What is the units digit of 97?
7
What is the thousands digit of 5692?
5
What is the thousands digit of 3800?
3
What is the thousands digit of 35182?
5
What is the ten thousands digit of 14232?
1
What is the units digit of 3261?
1
What is the tens digit of 6133?
3
What is the ten thousands digit of 51694?
5
What is the units digit of 27018?
8
What is the units digit of 1244?
4
What is the tens digit of 111196?
9
What is the ten thousands digit of 10088?
1
What is the units digit of 4238?
8
What